9*f - 42. Determine w(-7).
119
Let o(a) = a**3 + 12*a**2 - 25*a + 24. Calculate o(-14).
-18
Let f(d) = -d**3 - 11*d**2 + 11*d - 8. What is f(-12)?
4
Let g(l) = l**2 - 7*l + 12. Give g(6).
6
Let h(d) = -3*d**2 - 20*d + 7. Determine h(-9).
-56
Let b(o) = -o**3 + 13*o**2 + 17*o - 28. What is b(14)?
14
Let g(c) = c**3 - 9*c**2 + 8*c - 11. Give g(8).
-11
Let x(p) = p**3 - 4*p**2 - 13*p + 22. Calculate x(6).
16
Let t(k) = k**2 - k - 92. Give t(0).
-92
Let k(p) = p**3 + 7*p**2 + 7*p - 11. Give k(-5).
4
Let b(p) = -p**2 - 10*p - 12. Give b(-10).
-12
Let o(x) = -2*x + 17. Determine o(-4).
25
Let g(i) = 4*i - 10. Determine g(4).
6
Let h(t) = -t**3 - 11*t**2 - 13*t + 1. Give h(-10).
31
Let u(m) = -m**2 - 5*m + 29. What is u(-9)?
-7
Let r(x) = -9*x + 48. Determine r(4).
12
Let w(j) = -j**3 - j**2 + j + 1. Calculate w(-2).
3
Let n(g) = g**3 + 11*g**2 - 11*g - 10. What is n(-12)?
-22
Let s(m) = 4*m + 3. Give s(-5).
-17
Let f(m) = -2*m**2 - 20*m - 5. Calculate f(-10).
-5
Let j(g) = -g**3 - 8*g**2 - 12*g - 20. Determine j(-6).
-20
Let g(h) = -h - 31. Calculate g(-34).
3
Let p(q) = 11*q**3 + 2*q**2 - q. What is p(1)?
12
Let a(h) = 81*h + 559. Give a(-7).
-8
Let y(x) = 2*x**2 - 4. Give y(-3).
14
Let a(o) = 15*o**2 + o. Determine a(1).
16
Let i(h) = -h**3 - 12*h**2 + 13*h - 4. What is i(-13)?
-4
Let f(l) = -l**2 - 12*l + 42. Determine f(-17).
-43
Let i(m) = -32*m + 4. What is i(1)?
-28
Let z(r) = 4*r + 79. Calculate z(-21).
-5
Let v(w) = -w**2 - 11*w + 12. Calculate v(-9).
30
Let m(k) = k**3 + 10*k**2 - 13*k - 32. Determine m(-11).
-10
Let o(a) = 20*a - 38. Give o(7).
102
Let m(q) = -4*q**2 + 7*q - 5. Calculate m(5).
-70
Let k(s) = -32*s - 524. Give k(-16).
-12
Let q(m) = -2*m + 20. Calculate q(14).
-8
Let y(u) = -u**2 + 4*u - 5. Give y(4).
-5
Let p(b) = 7*b**2 - 39*b - 6. Calculate p(6).
12
Let d(z) = -11*z - 110. Calculate d(-11).
11
Let w(g) = g**2 + 6*g + 4. What is w(-7)?
11
Let d(t) = -21*t + 7. Give d(-1).
28
Let t(v) = -v**2 - 4*v + 10. What is t(-7)?
-11
Let h(o) = o**2 - o - 8. Determine h(5).
12
Let i(h) = -11*h - 5. Give i(-2).
17
Let k(v) = v**3 + 18*v**2 + 53*v - 33. Give k(-14).
9
Let y(l) = 2*l**3 - 10*l**2 - l + 13. Determine y(4).
-23
Let n(y) = y**3 - 8*y**2 + 9*y - 5. What is n(6)?
-23
Let r(a) = -5*a**2 - 3*a - 4. Calculate r(-3).
-40
Let p(k) = -18*k**2 + 4*k - 4. Calculate p(2).
-68
Let r(v) = v**3 + 9*v**2 + 11*v + 1. What is r(-5)?
46
Let m(z) = -z**2 - 15*z - 42. Determine m(-5).
8
Let p(h) = -3*h**3 + 2*h**2 + h - 2. What is p(1)?
-2
Let f(k) = -k**3 - 7*k**2 + 3*k + 12. Calculate f(-6).
-42
Let c(r) = 3*r**3 - 2*r**2 - r - 2. Calculate c(2).
12
Let x(a) = -a**3 - 2*a**2 - 3*a - 5. What is x(-3)?
13
Let v(n) = n**3 + n**2 - n - 24. Give v(0).
-24
Let t(m) = -m**3 - 10*m**2 - 6*m - 3. Calculate t(-10).
57
Let t(m) = m**2 - 10*m + 17. Determine t(7).
-4
Let p(n) = n**3 - 8*n**2 + 14*n - 1. Give p(6).
11
Let t(w) = w**3 - w + 16. Give t(0).
16
Let v(d) = -d**2 - 3*d + 6. Give v(-9).
-48
Let t(w) = 4*w**3 + w**2 - 1. Give t(-2).
-29
Let y(n) = 18*n + 79. Give y(-4).
7
Let y(b) = b**2 - 1. Give y(-4).
15
Let i(u) = -u + 36. What is i(-12)?
48
Let u(m) = -m**3 - 3*m**2 + m - 16. Determine u(-4).
-4
Let k(m) = -6*m - 1. What is k(-5)?
29
Let a(d) = -d**3 - 9*d**2 - 5*d + 17. Determine a(-8).
-7
Let z(m) = 6*m - 1. Determine z(4).
23
Let h(y) = 282*y - 1420. Give h(5).
-10
Let x(i) = -i**2 + 2*i + 9. Determine x(-6).
-39
Let p(d) = -2*d**3 - 15*d**2 - 7*d - 5. Calculate p(-7).
-5
Let o(q) = -q + 9. Give o(11).
-2
Let b(o) = o + 4. Give b(8).
12
Let q(f) = -f**2 + 16*f - 48. Calculate q(11).
7
Let z(w) = 3*w**2 - 30*w + 8. Give z(9).
-19
Let s(r) = r**3 - 34*r**2 - 35*r + 108. Calculate s(35).
108
Let v(y) = 3*y + 17. Give v(-14).
-25
Let x(z) = z**3 + 7*z**2 - 15*z - 59. What is x(-8)?
-3
Let p(y) = -y**2 - 10*y. What is p(-7)?
21
Let a(b) = 47*b + 6. Calculate a(-2).
-88
Let c(o) = -o**3 + 8*o**2 - 9*o + 2. Determine c(6).
20
Let w(d) = d**3 + 9*d**2 - 24*d - 3. Determine w(-11).
19
Let l(k) = -3*k - 47. Determine l(-12).
-11
Let c(d) = d**2 + 16*d - 15. Calculate c(-12).
-63
Let m(c) = 3*c - 29. What is m(10)?
1
Let y(u) = -71*u**2 + u. Determine y(-1).
-72
Let a(t) = -2*t + 2. Calculate a(-12).
26
Let c(t) = 12*t**2. Determine c(-1).
12
Let v(r) = r + 2. Give v(0).
2
Let s(l) = -l**2 - 11*l - 4. Calculate s(-6).
26
Let k(r) = 2*r**2 - 12*r - 4. Give k(6).
-4
Let p(w) = 30*w - 234. Determine p(8).
6
Let n(i) = -i**2 - 9*i + 27. Determine n(-14).
-43
Let d(j) = -j**3 + 9*j**2 - 10*j + 45. Determine d(7).
73
Let f(m) = m**3 + 5*m**2 - m - 9. Determine f(-5).
-4
Let h(l) = -2*l**3 - 15*l**2 - l + 47. Calculate h(-7).
5
Let a(c) = c**3 + 2*c**2 - 3*c + 3. Give a(-3).
3
Let i(g) = g**2 - 12*g - 8. Give i(10).
-28
Let s(h) = 2*h**2 - h + 1. Give s(3).
16
Let v(c) = -c**2 + 29*c - 12. Give v(29).
-12
Let n(i) = -i**2 - 7*i + 15. Determine n(-8).
7
Let u(k) = k**3 - 3*k**2 - 8*k - 3. Give u(5).
7
Let v(i) = -i**3 - 7*i**2 - 7*i - 11. What is v(-6)?
-5
Let u(v) = -25*v + 2. Calculate u(-1).
27
Let f(d) = -d**2 - 3*d + 4. Calculate f(-6).
-14
Let c(h) = h**2 + 14*h + 28. Give c(-11).
-5
Let z(h) = 83*h**2 + h. Determine z(1).
84
Let u(f) = f**2 + f + 15. Determine u(-5).
35
Let p(v) = v**2 - v - 2. Calculate p(-5).
28
Let k(v) = -v**3 - 9*v**2 + 36*v - 1. What is k(-12)?
-1
Let x(z) = -z**3 - 6*z**2 - z - 8. Calculate x(-6).
-2
Let n(z) = z + 24. What is n(0)?
24
Let h(o) = 11*o - 149. Calculate h(13).
-6
Let c(h) = h**2 - 3*h - 4. Calculate c(4).
0
Let b(d) = 4*d**3 + 3*d**2 - 2. What is b(-2)?
-22
Let q(s) = s**2 + 16*s + 60. Give q(-6).
0
Let b(a) = -a - 12. Calculate b(3).
-15
Let p(i) = i**3 - 2*i + 3. Determine p(2).
7
Let a(y) = 8*y + 19. Give a(-3).
-5
Let l(g) = g**2 + 18*g + 40. Determine l(-18).
40
Let l(i) = -4*i + 90. What is l(24)?
-6
Let j(i) = -i + 8. What is j(8)?
0
Let a(c) = c**3 - 8*c**2 + 9*c - 9. What is a(7)?
5
Let a(i) = -i**3 + 9*i**2 + 2*i - 12. Calculate a(9).
6
Let p(z) = z**3 + 7*z**2 + z + 14. Determine p(-7).
7
Let b(h) = -h**3 + 4*h**2 + 5*h - 10. Give b(4).
10
Let s(a) = -6*a + 2. Determine s(2).
-10
Let f(j) = -j + 11. What is f(11)?
0
Let l(h) = -h**2 - 3*h. Determine l(-4).
-4
Let a(f) = -2*f**2 + 26*f + 18. Determine a(13).
18
Let v(a) = 2*a**2 + 12*a + 22. What is v(-8)?
54
Let t(v) = v**2 - 2*v + 10. Determine t(7).
45
Let o(r) = -2*r - 2. Determine o(4).
-10
Let g(y) = y**3 + y**2 - 2*y - 1. Calculate g(3).
29
Let u(d) = d**2 + 2*d - 1. Determine u(2).
7
Let q(x) = -8*x + 9. Give q(5).
-31
Let a(i) = i**3 + 12*i**2 + 22*i + 23. Calculate a(-10).
3
Let r(q) = -q**2 - 8*q - 27. Give r(-2).
-15
Let a(u) = -u**2 + 28*u - 30. What is a(27)?
-3
Let o(f) = -2*f**3 - 39*f**2 - 18*f + 7. Calculate o(-19).
-12
Let d(s) = s**3 - 5*s**2 - 27*s + 14. Determine d(8).
-10
Let b(z) = -z**3 + 19*z**2 - 18*z + 5. What is b(18)?
5
Let h(v) = 6*v + 12. Calculate h(-8).
-36
Let u(o) = 22*o + 11. What is u(5)?
121
Let o(m) = 146*m - 1027. Determine o(7).
-5
Let w(x) = -x**2 - 5*x - 1. Give w(-6).
-7
Let y(m) = m**3 - 24*m**2 - 25*m + 74. What is y(25)?
74
Let i(d) = -19*d - 11. What is i(-2)?
27
Let v(k) = 5*k**2 - 2*k + 3. Determine v(2).
19
Let k(q) = 3*q**3 + 3*q**2 - 4*q - 1. Calculate k(-3).
-43
Let p(v) = -4*v**2 - 7*v - 11. Calculate p(-5).
-76
Let x(g) = -g**3 + 6*g**2 + 9*g + 9. Calculate x(7).
23
Let n(c) = -4*c - 19. What is n(-6)?
5
Let q(c) = -c**2 - 8*c + 35. Determine q(-13).
-30
Let q(v) = 7*v + 6. Calculate q(7).
55
Let s(z) = -9*z**3 + z**2 - 2*z. Calculate s(-2).
80
Let r(o) = -4*o - 14. Determine r(-3).
-2
Let x(k) = -2*k**2 + 63*k + 251. What is x(35)?
6
Let d(o) = o**2 - 22*o - 58. Give d(26).
46
Let w(f) = f**3 + 2*f**2 - f - 2. Determine w(0).
-2
Let n(t) = -4*t - 57. Calculate n(-15).
3
Let r(c) = -c**3 + 7*c**2 - 15*c - 7. Calculate r(5).
-32
Let u(q) = 8*q - 19. Give u(9).
53
Let y(o) = o**2 - 3*o + 3. Calculate y(8).
43
Let h(s) = 3*s - 6. What is h(-1)?
-9
Let w(x) = -2*x**3 - 24*x**2 + 24*x - 24. Determine w(-13).
2
Let w(n) = -24*n**3 - 2*n**2 + n. Give w(1).
-25
Let q(g) = -62*g - 185. Determine q(-3).
1
Let u(y) = -y**3 + 7*y**2 + y - 8. What is u(7)?
-1
Let g(k) = 11*k - 76. What is g(7)?
1
Let q(s) = 10*s + 12. Determine q(8).
92
Let f(g) = -g**3 - 27*g**2 - 4*g - 121. What is f(-27)?
-13
Let f